3. What is the remainder when 62 is divided by i?
29
Suppose -13*j + 24637 = 23987. Calculate the remainder when 6849 is divided by j.
49
Let r be -2*(-3)/24 + 33/12. Suppose q + r*h = 11, 5*q = h + 2 + 133. Calculate the remainder when 124 is divided by q.
20
Let x(z) = -15*z - 73. Let q = 315 - 327. Calculate the remainder when x(q) is divided by 22.
19
Let q(m) = 58*m**2 + 72*m + 69. What is the remainder when 1295 is divided by q(-1)?
30
Let c = -3542 + 3587. What is the remainder when c is divided by 36?
9
Let z be 57*1/(6/34). Suppose 21*d = 18*d - w + 939, -z = -d + 3*w. Calculate the remainder when d is divided by 45.
44
Let g = -40865 + 40873. Let i = 52 - 5. Calculate the remainder when i is divided by g.
7
Let k(p) be the second derivative of -p**4/12 - p**3/6 + 7*p**2/2 - 13*p. Suppose 15*n - 10*n = 15. Calculate the remainder when n is divided by k(-3).
0
Let v = -14 - -18. Suppose -y - 3*y = -v. What is the remainder when 102 - y*4/(-4) is divided by 21?
19
Let j(u) = -u**3 + 20*u**2 + 52*u + 16. Suppose -4*v + 76 = -3*m, 7*v = 4*v + 5*m + 46. What is the remainder when j(v) is divided by 13?
10
Let v(f) = 44*f**2 + 36*f + 5. What is the remainder when 285 is divided by v(-1)?
12
Let q(x) = 417*x - 5398. What is the remainder when 517 is divided by q(13)?
11
Suppose -m + 392 = 3*j - 2*m, -5*m = -5*j + 660. Calculate the remainder when j is divided by 9184/820*(-30)/(-8).
4
Suppose 56*t + f + 1658 = 65*t, -5*f - 194 = -t. What is the remainder when t is divided by 165?
19
Suppose 0 = 3*g - 4*g - 125. Let f = g + 140. What is the remainder when 56 is divided by f?
11
Let g = -145 + 148. Suppose g*i + 161 = 5*a + 2*i, 2*a - 3*i = 54. Let x(y) = -51*y + 10. Calculate the remainder when x(-3) is divided by a.
31
Let l = 4899 - 4713. Let j(z) = -32*z + 1. What is the remainder when l is divided by j(-2)?
56
Let j(z) = -z**3 - 23*z**2 + 49*z - 25. Let w be j(-25). Suppose 9 = -s + x + 25, 2*s + 3*x - 22 = w. Calculate the remainder when 93 is divided by s.
9
Suppose 0 = -2*j - 19*v + 21*v + 98, -55 = -j - v. What is the remainder when j is divided by ((-1)/(-3))/(1/6)?
0
Suppose 5*c = 10, -3*l + 201 + 268 = -4*c. Suppose 4*d - i = l, 4*d - 3*i = 3*d + 37. What is the remainder when d is divided by -2*(11/(-2) + 0)?
7
Let q be ((-732)/(-48))/(2/16). What is the remainder when 89 is divided by (-26)/65 + q/5?
17
Let n(c) = -4*c**2 - 120*c + 276. What is the remainder when 583 is divided by n(-32)?
3
Suppose 2*r + 3*j - 139 = 0, -2*r + 174 = -14*j + 22*j. Let n = 13 + -4. Calculate the remainder when r is divided by n.
5
Let i be 147/(-9) - (-3)/9. Let f = i + 28. Let m = 111 - 66. What is the remainder when m is divided by f?
9
Suppose -6*v + 18 - 12 = 0, -4*a + 618 = -2*v. What is the remainder when a is divided by 55?
45
Suppose -2*w - 4*w = -24. Suppose w*m + 67 = 5*f, 3*f - m - 4*m = 35. Suppose 325 = 31*z - 26*z. Calculate the remainder when z is divided by f.
5
Let u(r) = 14*r**2 - 308*r + 16. Calculate the remainder when u(22) is divided by 1.
0
Suppose z - 3*v - 3711 = 0, -4877 = -3*z + 5*v + 6292. What is the remainder when z is divided by 48?
42
Calculate the remainder when 61 is divided by (-540)/(-150)*220/18.
17
Let k = 33 + -33. Suppose k = -60*j + 64*j - 160. What is the remainder when (-2)/(-12) - 2838/(-36) is divided by j?
39
Let k = 408 + 121. What is the remainder when k is divided by 20?
9
Let q(h) = -5*h**2 - 57*h + 15. Let n(f) = f**2 + 14*f - 4. Let d(r) = 9*n(r) + 2*q(r). Calculate the remainder when d(6) is divided by 16.
14
Suppose -u + 2*u = -3*p + 71, -2*p - u + 46 = 0. What is the remainder when 109 is divided by 610/p - (36/15 + -2)?
13
Suppose -5*s = -k + 83, -2*k + 18*s = 14*s - 130. What is the remainder when (-4)/2 + 3 - -144 is divided by k?
39
Let b(u) = 33*u**2 + 52*u + 144. What is the remainder when b(-3) is divided by 30?
15
Suppose 5*c = 3*z - 116 - 280, -c = 0. Suppose -5*q - 24 = 76. Let t = 14 - q. What is the remainder when z is divided by t?
30
Let y = -136 + 381. Suppose 200*c - 195*c = y. What is the remainder when c is divided by 19?
11
Let i(p) = p**3 + 7*p**2 - 16*p - 42. Let w be ((-6)/1)/(96/128). What is the remainder when (-518)/(-8) - (-1)/4 is divided by i(w)?
21
Suppose n - 14 = 88. What is the remainder when n is divided by (-6)/(-120)*-10*-44?
14
Suppose g - 10 = -38. Let b = -27 - g. Calculate the remainder when 2 is divided by -2 - (3 - 8) - b.
0
Let i = 79 + -115. Let n = 83 - 66. Calculate the remainder when n is divided by (-14)/3*i/24.
3
Let n be 13 + 9 - (-1 + 2). Suppose -6*h + n = -3*h. Let y(d) = -3*d**2 + 24*d + 1. What is the remainder when y(h) is divided by 6?
4
Let v(a) = -60*a + 363. What is the remainder when 208 is divided by v(6)?
1
Suppose -31*w - 2*p - 2344 = -35*w, 1768 = 3*w - 4*p. Suppose -45*c + 541 = -w. What is the remainder when 96 is divided by c?
21
Let c(o) = -o**2 + 6*o - 6. Let p be c(6). Calculate the remainder when 46/4*(-1 - (p - -3)) is divided by 7.
2
Calculate the remainder when (-7)/(-14) + (-4025)/(-10) is divided by 28.
11
What is the remainder when 25/(22932/4557 + 5/(-1)) is divided by 194?
193
Let s be 2 + 2*(-985)/10. What is the remainder when 193 is divided by (2/(50/s))/((-1)/5)?
37
What is the remainder when (-3)/(-8) + (-22420)/(-32) + -9 is divided by 33?
32
Suppose 4*d + 5*n - 16 = 0, -6*d + 7*d + n = 4. Suppose -3*r + m = -4*r + 22, r - d*m - 17 = 0. What is the remainder when 24/36 + (-728)/(-6) is divided by r?
17
Suppose r - 5 = -4*r. Calculate the remainder when ((-3 - -72) + -2)/r is divided by (46/14)/((-7)/1127*-23).
21
Suppose 36*y - 28 = 512. Calculate the remainder when 294 is divided by y.
9
Let a(x) be the second derivative of x**4/12 + 31*x**3/6 - 119*x**2/2 + x - 42. Calculate the remainder when 284 is divided by a(-35).
11
Let p(v) = -v**2 - 3*v + 13. Let l be p(11). Let r = l + 162. Suppose 3*a - a + s = r, a = -3*s + 18. Calculate the remainder when 30 is divided by a.
3
Let n = 1860 + -1764. Calculate the remainder when 497 is divided by n.
17
Let i = 457 - 207. Let n(j) = -j**3 + 75*j**2 - 420*j + 430. What is the remainder when i is divided by n(69)?
10
Suppose 10*i - 3596 = -45*i - 7*i. Let u(x) = -x**3 + 9*x**2 - 5*x - 7. What is the remainder when i is divided by u(8)?
7
Let l(v) = -6*v**3 - 7*v**2 - 28*v - 2. What is the remainder when l(-3) is divided by 90?
1
Let k = 7553 + -7511. Calculate the remainder when 564 is divided by k.
18
Suppose 2*i + 2138 = 2204. What is the remainder when i is divided by 3 + 2 - (-2 + 0)?
5
Let h(p) = -p + 56. Let n be h(21). Calculate the remainder when 312 is divided by (-45)/(7/(n/(-15))).
12
Let j = -66 + 200. Suppose -3*p = 2*l - 102, 14*p - 18*p - 2*l = -j. What is the remainder when 126 is divided by p?
30
Let s = -67 + 64. Let x(v) = v + 5. Let l be x(s). Suppose 3*z - 136 = l. Calculate the remainder when z is divided by 16.
14
Let p(m) = 10*m**2 - 7*m. Suppose -o + 28 = -2*d, 0 = 4*o - 3*d + 4*d - 112. Calculate the remainder when p(5) is divided by o.
19
Let m(v) = 77*v**2 + 12*v + 28. Let c be m(-3). Suppose 2*w - 362 = -4*l, -4*w = -l - 4*l - c. What is the remainder when w is divided by 260/6 - 4/(-6)?
43
Suppose -5*t - 100370 = -4*f, 2*f + t - 47696 = 2482. What is the remainder when f is divided by 34?
32
What is the remainder when 501 is divided by 3830/16 + 12/(-32)?
23
Let m(f) = -7*f + 39. Let h be m(5). Calculate the remainder when 176 is divided by -24*((-22)/h - -4).
32
Let z = -5926 + 5975. Calculate the remainder when 730 is divided by z.
44
Suppose b = 3*v + 121, 10*b + 4*v - 662 = 5*b. Calculate the remainder when 534 is divided by b.
14
Suppose 0 = -189*p + 140*p + 8183. Calculate the remainder when 2336 is divided by p.
165
Let l(h) = h**3 - 11*h**2 - 11*h + 9. Let j(n) = 7*n - 50. Let g be 2 - (5 - 6) - -9. Calculate the remainder when j(g) is divided by l(12).
13
Suppose -v + 4263 = 4*i - 999, 0 = 3*i + 5*v - 3972. Calculate the remainder when i is divided by 12.
6
Suppose 81 - 294 = -3*n - 3*u, -u = 0. Suppose 179*q - 1716 = 36*q. Calculate the remainder when n is divided by q.
11
Suppose 4*p - 752 = -4*n, 47*n = 4*p + 44*n - 787. Let s = -101 - -140. What is the remainder when p is divided by s?
37
Let b(y) = y**2 + 23*y. Let x be b